. What is the remainder when y is divided by 19?
14
Let m(l) = -l**3 + 29*l**2 + 33*l - 54. Let n be m(30). Suppose -136 = 32*z - n*z. What is the remainder when 132 is divided by z?
30
Suppose 0 = 5*y - m - 620, 44*y - 47*y + 372 = 4*m. Calculate the remainder when y is divided by 48.
28
Let z(f) = -9 - 2*f + 33 + 26. Calculate the remainder when z(0) is divided by 17.
16
Let p(h) = -h**2 + 130. Calculate the remainder when p(10) is divided by 25.
5
Let d(p) = -2*p - 16. Let c be d(-12). Let s(q) = -q + 10. Let a be s(6). Let g = c - a. What is the remainder when g is divided by 2?
0
Let w = 33 - 8. Suppose -5*z = 10 - 45. What is the remainder when w is divided by z?
4
Let z(i) be the third derivative of i**6/120 + i**5/60 - i**4/12 + 7*i**3/2 - 5*i**2. Calculate the remainder when 41 is divided by z(0).
20
Suppose -3*d + 3*u = 7*u + 8, 2*d - 13 = u. Suppose d*l + 0*l = 32. Let k(n) = 8*n - 2. Calculate the remainder when l is divided by k(1).
2
Let o be (-3)/4 - 92/(-16). Suppose -o*g = -4*a - 154, 128 = 4*g - 0*g - 2*a. What is the remainder when 1479/g*(-8)/(-6) is divided by 20?
18
Let v(d) = 63 - 78 + 29*d + 9*d. Calculate the remainder when v(2) is divided by 25.
11
Let k be 0/1 + 5/((-15)/(-288)). Suppose g - 5*g = -k. What is the remainder when 117 is divided by g?
21
Suppose 0*i + 1100 = 25*i. Calculate the remainder when i is divided by 11.
0
Let o = 20 - 14. Let y(b) = 0 + b - 32*b**2 + 36*b**2 - 2. What is the remainder when y(2) is divided by o?
4
Suppose -5*r = -4*g + 1006, -2*g + 7*r - 5*r + 502 = 0. What is the remainder when g is divided by 84?
81
Let v be 1404/22 - (-6)/33. Let r = v - 44. Suppose -3*c - r + 68 = 0. Calculate the remainder when 60 is divided by c.
12
Suppose 5*d - 38 = -3*a, 2*d + a + 13 = 4*d. Suppose d*g - 10*g = -12. Suppose -2*w = -g - 18. What is the remainder when 31 is divided by w?
9
Let k = 5 - -2. Suppose 13 = -u + 3*g + 1, 3*u + 4*g + 36 = 0. Calculate the remainder when 101/4 - (-3)/u is divided by k.
4
Let z(m) = -19*m**2 + m + 1. Let h be z(-1). What is the remainder when 56 is divided by (h/(-1))/((-10)/(-10))?
18
Let m(c) = 14*c**3 - 2*c + 1. Let w(p) = 5*p + 15. Let z(q) = -24*q - 76. Let k(r) = -16*w(r) - 3*z(r). What is the remainder when k(-6) is divided by m(1)?
10
Suppose -52*v = -3*v - 98. Calculate the remainder when 44 is divided by v.
0
Let t(h) = -h**2 - 8*h + 9. Suppose f + 8*f = -63. What is the remainder when 61 is divided by t(f)?
13
Suppose 627 = -6*s + 231. Let x = s - -74. What is the remainder when 20 is divided by x?
4
Calculate the remainder when 75 is divided by (42/28)/(9/78).
10
Let p(l) = 3*l**2 + 51*l - 14. What is the remainder when p(-21) is divided by 48?
46
Suppose 0 - 2 = 2*u, 3*s + 3*u = 33. Let c(k) = 5*k + 14. What is the remainder when c(s) is divided by 15?
14
Let y be 3 - ((-12)/2 + (7 - 4)). Calculate the remainder when (0 - 1)/(y/(-444)) is divided by 15.
14
Let c = 7 + -7. Suppose 3*t + g - 10 = c, -3 = 2*t - 4*g - 19. Suppose s + 54 = t*s. What is the remainder when 34 is divided by s?
16
Suppose -4*v + 44 = -0*v. Suppose 2*k - k = v. Calculate the remainder when k is divided by 3.
2
Suppose -5*y + 1638 = -2*u, -3*y = -4*y - u + 329. Suppose 16*i - y = 8*i. Calculate the remainder when i is divided by 22.
19
Let n be 216/102 + 2/(-17). Suppose -4*w + 4*u = 6 - 22, -n*u = 4*w - 10. Calculate the remainder when 42 is divided by 81/6 - w/2.
6
Let l = 182 + -271. Let o(y) = 14*y - 5. What is the remainder when o(4) is divided by l/(-7) - (-8)/28?
12
Let g(f) = -f + 9. Let h be g(7). Suppose -5*o + 125 = -4*v, -h*o + 18 + 32 = -3*v. What is the remainder when o is divided by 7?
4
Let m = -94 + 415. Calculate the remainder when m is divided by 54.
51
Let v(u) = 10*u**2 - 2*u. Let j be v(-1). Suppose 5*t - 29 = 21. Let i = t + j. What is the remainder when i is divided by 8?
6
Let l = -166 - -182. Let x = -7 - -11. Suppose -x*c = -136 - 100. What is the remainder when c is divided by l?
11
Let m(d) = 23*d - 33*d + 9*d + 42. What is the remainder when m(-5) is divided by 12?
11
Let p(x) = 2*x**2 - 6*x - 79. What is the remainder when 925 is divided by p(-6)?
26
Let u be (0 - (-144)/(-14))/((-9)/42). Suppose -7*k = -u - 204. Calculate the remainder when k is divided by 21.
15
Suppose 82 = 5*b - 5*a - 48, 0 = -2*b - 2*a + 64. Suppose -3*s + 10 = 5*y, -9*y + s = -10*y. Calculate the remainder when b is divided by y.
4
Let x(v) = 44*v**3 + 2*v**2 + v - 4. Calculate the remainder when 159 is divided by x(1).
30
Suppose 2*q = q - p + 160, -5*q = -5*p - 770. What is the remainder when q is divided by 53?
51
Suppose -2*t - 26 = -r, 28*r - 27*r = 3*t + 21. Suppose 70 = w - 1. Calculate the remainder when w is divided by r.
35
Let i(t) = t**2 + 10*t + 3. Suppose 630 = 26*h + 64*h. What is the remainder when h is divided by i(-10)?
1
Let c(p) = p**2 - 12*p + 14. Let v = 18 + -8. Let m be c(v). Let z(l) = l**3 + 7*l**2 - 2*l + 8. What is the remainder when z(m) is divided by 19?
18
Suppose 0 = 34*p - 28*p - 4*y - 2938, 1494 = 3*p + 3*y. Calculate the remainder when p is divided by 15.
13
Let t(d) = -7*d - 54. Calculate the remainder when t(-24) is divided by 26.
10
Let o be (-40)/(-6)*9/6. Calculate the remainder when 41 is divided by o + 9/(45/20).
13
Let s(f) = 44*f - 248. What is the remainder when s(10) is divided by 15?
12
What is the remainder when 131 is divided by (-4*2/(-8))/(3/66)?
21
Let i(l) = 95*l**3 + 5*l**2 - 6*l + 5. Let o(z) = -191*z**3 - 9*z**2 + 11*z - 9. Let k(d) = -5*i(d) - 3*o(d). What is the remainder when k(1) is divided by 21?
15
Suppose -23 + 131 = 6*h. Let k = -16 + h. Suppose 3*z - k*z = 7. Calculate the remainder when z is divided by 5.
2
What is the remainder when 219 is divided by -9 - -8 - 4 - -16?
10
Suppose 0 = 52*u + 513 - 877. Calculate the remainder when u is divided by 3*(-6)/9*-2.
3
Suppose -9*k + 210 = 5*k. Suppose -k*x + 152 + 223 = 0. Let j(b) = -3*b - 4. Calculate the remainder when x is divided by j(-6).
11
Calculate the remainder when 3 - ((-63)/1)/1 is divided by 14.
10
Let x = 76 - 40. What is the remainder when (-107)/(-5)*((-10 - 13) + 28) is divided by x?
35
Suppose 0 = 2*o + o. Suppose 0 = u + 3*f, u = -f + 2 - o. Calculate the remainder when u is divided by 1.
0
Calculate the remainder when -4*(-27)/(-60)*-245 is divided by 150.
141
Let b = 1706 - 1069. Calculate the remainder when b is divided by 58.
57
Let x be -1 + 0 + 5 - 3. Suppose 3*z - 13 = 20. What is the remainder when (-36 + 241)*1/5*x is divided by z?
8
Suppose 14 = g + 7. Suppose p + 8 = -3*j, g*j - 5*j = 5*p - 45. What is the remainder when p is divided by 2?
1
Suppose 50 = 2*p - 0*p. Let k = -8 + p. Suppose 0*j = -2*j + 98. What is the remainder when j is divided by k?
15
Suppose -8*d + 4*d - 4*y = 4, 0 = -4*d - 3*y - 4. Let j(f) = -7*f. Calculate the remainder when 16 is divided by j(d).
2
Let t(l) = -l**2 - 5*l + 2. Let z(p) be the third derivative of p**6/120 - p**5/12 + p**3/2 - 8*p**2. Calculate the remainder when t(-4) is divided by z(5).
0
Let l be 3 + (-12)/4 + 2. Suppose -3*g + 3*q = -0*g - 66, l*q + 71 = 3*g. Let a = -14 + g. What is the remainder when 37 is divided by a?
11
Suppose 3*f - 7 = -1. Suppose 2*z - 29 + 7 = -f*o, -4*z + 2*o = -14. What is the remainder when 11 is divided by z?
5
Suppose -2*y + 2*x = 2*y - 42, -5*x - 15 = 0. Calculate the remainder when 17 is divided by y.
8
Calculate the remainder when 2*((12285/(-10))/(-7))/1 is divided by 22.
21
Suppose -k = 3*k - 108. Let c(w) = w**3 - 7*w**2 - 9*w - 2. Let t be (10/(-40))/((-1)/18)*2. Calculate the remainder when c(t) is divided by k.
25
Suppose 6*d = d + 130. Let u = 32 + d. What is the remainder when u is divided by 15?
13
Calculate the remainder when 452 is divided by (2450/105)/(4/6).
32
Suppose -19*f = -8*f - 1001. Calculate the remainder when f is divided by 54.
37
Let y(f) = -f**3 + 9*f**2 - 2*f - 14. Let q be y(7). Let j = q - 61. Calculate the remainder when 51 is divided by j.
6
Let q(j) be the second derivative of -7*j**3/3 + 5*j**2/2 - 18*j. What is the remainder when q(-3) is divided by 17?
13
Let u(a) = 2 + 19*a**2 - 3*a - 24*a**2 + 20*a**2 + 29*a**2. What is the remainder when u(1) is divided by 11?
10
Let k = 91 + -41. Let o(j) = -12*j - 22. What is the remain